the greatest common factor of 134820 and 3660300?
1260
What is the highest common factor of 39 and 221515177?
13
What is the greatest common divisor of 77760767 and 7?
7
What is the highest common factor of 1145060881 and 5303?
5303
Calculate the highest common divisor of 184 and 3421181.
23
Calculate the highest common factor of 4 and 2131172.
4
Calculate the highest common factor of 37976795 and 1403.
23
Calculate the greatest common factor of 59130 and 5678670.
2190
What is the greatest common factor of 9424 and 46469?
31
Calculate the highest common factor of 41065062 and 2177.
311
What is the highest common factor of 2761 and 6561893?
251
Calculate the highest common divisor of 48 and 200609712.
48
Calculate the greatest common factor of 449125 and 64875.
125
Calculate the greatest common divisor of 22446 and 545799.
129
What is the greatest common divisor of 2028 and 1583076?
12
Calculate the highest common factor of 7 and 2235824339.
7
What is the highest common factor of 110 and 79186570?
10
Calculate the greatest common divisor of 289 and 2742389.
17
Calculate the highest common factor of 46 and 111572310.
46
What is the greatest common factor of 3951915 and 25800?
645
Calculate the highest common divisor of 77322523 and 346.
173
What is the highest common divisor of 233895605 and 285?
95
Calculate the greatest common factor of 3265 and 206867135.
3265
What is the greatest common divisor of 133 and 6207740?
7
What is the greatest common factor of 123900543 and 2340?
117
Calculate the greatest common divisor of 1747628 and 3752.
268
Calculate the greatest common divisor of 429 and 12592047.
39
Calculate the highest common divisor of 15654 and 195805450.
5218
What is the greatest common divisor of 43851 and 10575?
141
What is the greatest common divisor of 2078855 and 230?
115
What is the highest common factor of 880943028 and 7?
7
Calculate the greatest common divisor of 1624070 and 70.
70
Calculate the highest common divisor of 1347904 and 23872.
64
Calculate the highest common factor of 2825 and 669425.
25
Calculate the highest common divisor of 715 and 3895903.
11
What is the highest common divisor of 4380 and 31778360?
1460
What is the greatest common divisor of 206534 and 407?
37
Calculate the greatest common divisor of 26262907 and 671.
11
Calculate the highest common divisor of 116884 and 168.
4
Calculate the highest common divisor of 2690 and 272410.
10
What is the highest common divisor of 9120 and 56888280?
2280
Calculate the greatest common factor of 177853270 and 40.
10
Calculate the highest common factor of 1867584546 and 111.
111
Calculate the highest common divisor of 7725 and 918999475.
2575
Calculate the greatest common factor of 6775172 and 163001.
7087
Calculate the highest common factor of 3832494 and 9231.
543
What is the highest common factor of 510 and 488163585?
255
Calculate the greatest common factor of 10 and 3506795.
5
What is the highest common divisor of 90 and 508971120?
30
What is the highest common factor of 212348 and 164?
4
Calculate the highest common factor of 867 and 4012.
17
Calculate the greatest common divisor of 1417232 and 8.
8
What is the highest common factor of 12 and 181974812?
4
What is the highest common factor of 5605798 and 5852?
418
Calculate the highest common divisor of 9630 and 221491926.
1926
What is the highest common factor of 2674747 and 1524?
127
Calculate the greatest common divisor of 339697 and 7659.
37
What is the greatest common factor of 35217 and 714987?
819
What is the greatest common factor of 21253691 and 69889?
1487
What is the greatest common divisor of 32328356 and 374?
34
Calculate the greatest common divisor of 5909 and 136553.
19
Calculate the highest common factor of 118182 and 8016.
6
What is the highest common divisor of 49 and 360661?
7
What is the highest common factor of 109749819 and 670?
67
What is the highest common factor of 5148 and 230436492?
1716
What is the highest common divisor of 4284 and 461844?
36
Calculate the highest common divisor of 19228 and 56477880.
1748
Calculate the highest common divisor of 212898 and 990921.
411
What is the greatest common factor of 43866921 and 21?
21
Calculate the highest common divisor of 155202162 and 8616.
2154
Calculate the highest common divisor of 6120 and 159375.
255
What is the greatest common factor of 4596332 and 416?
52
Calculate the highest common factor of 35784 and 59808.
168
Calculate the highest common factor of 5260 and 303246890.
2630
What is the highest common divisor of 5158 and 19040757?
2579
Calculate the greatest common factor of 74373 and 11037.
39
What is the greatest common divisor of 3903186 and 13834408?
6538
What is the highest common divisor of 16598544 and 40?
8
Calculate the highest common factor of 960 and 580095.
15
What is the highest common factor of 456232 and 296?
8
Calculate the greatest common divisor of 1100 and 1335033150.
550
What is the highest common factor of 8660331 and 9?
9
What is the greatest common divisor of 10976100 and 5280?
60
Calculate the highest common factor of 120 and 3127894680.
120
Calculate the highest common factor of 87192 and 2632.
56
What is the greatest common divisor of 1165680 and 2232?
72
What is the greatest common factor of 89601236 and 492?
164
What is the highest common factor of 477997 and 13?
13
Calculate the highest common divisor of 1558 and 1882966.
82
What is the greatest common factor of 1085 and 38253628?
217
What is the greatest common factor of 215 and 51565686?
43
What is the greatest common factor of 13602765 and 495?
165
Calculate the highest common factor of 1746784 and 8160.
544
Calculate the highest common factor of 154 and 1003996.
14
Calculate the highest common factor of 3789058 and 1365988.
2834
Calculate the greatest common divisor of 16997458 and 437029.
4243
What is the greatest common factor of 3 and 33923679?
3
What is the greatest common factor of 343893900 and 2100?
2100
Calculate the highest common divisor of 309 and 31555595.
103
Calculate the highest common factor of 1586460 and 39730.
1370
Calculate the highest common factor of 2475975996 and 11752.
5876
Calculate the greatest common divisor of 23297483 and 55.
11
What is the greatest common divisor of 182086842 and 19?
19
Calculate the greatest common factor of 3120780 and 2340.
780
What is the greatest common divisor of 1016982 and 648?
54
Calculate the highest common divisor of 51118 and 316764.
838
Calculate the greatest common factor of 9580 and 2745944140.
9580
Calculate the highest common factor of 228 and 371484276.
228
What is the highest common factor of 131350 and 52742350?
3550
What is the greatest common factor of 758606040 and 1080?
1080
What is the highest common factor of 36 and 682376?
4
What is the greatest common factor of 389311 and 82199?
13
Calculate the greatest common factor of 168 and 6827028.
12
Calculate the greatest common divisor of 6245270 and 2780.
1390
Calculate the greatest common divisor of 464 and 182929680.
464
Calculate the greatest common divisor of 97920375 and 7875.
2625
What is the greatest common divisor of 62 and 36344431?
31
What is the greatest common divisor of 149299 and 865?
173
Calculate the highest common factor of 11340 and 8642214.
1134
What is the highest common factor of 6416414 and 418?
38
What is the greatest common factor of 2768877939 and 263?
263
Calculate the highest common factor of 102663 and 2107116.
1683
Calculate the greatest common factor of 47610 and 25334730.
2070
What is the greatest common factor of 27759 and 16131?
57
What is the greatest common divisor of 69 and 96423153?
69
What is the greatest common factor of 38745 and 12640635?
315
Calculate the greatest common divisor of 491283 and 398259.
2907
Calculate the highest common divisor of 36108145 and 160.
5
What is the greatest common factor of 540 and 1854630?
270
Calculate the greatest common divisor of 19 and 244639.
1
What is the greatest common factor of 6480 and 27750?
30
What is the greatest common factor of 5294 and 680?
2
Calculate the greatest common divisor of 32351 and 156434731.
2941
Calculate the greatest common factor of 36 and 11988423.
9
Calculate the greatest common divisor of 434 and 4297127.
31
Calculate the grea